MONTHLY CLIMATOLOGICAL SUMMARY for NOV. 2020

NAME:    CITY:  STATE: 
ELEV:  LAT:  LONG: 

                            TEMPERATURE ( C), RAIN (mm), WIND SPEED (kmh)

                                               HEAT     COOL           AVG
      MEAN                                     DEG      DEG            WIND                       DOM
DAY   TEMP    HIGH   TIME     LOW    TIME      DAYS     DAYS    RAIN   SPEED    HIGH    TIME      DIR
--------------------------------------------------------------------------------------------------------
01    01.4    06.9   13:16   -05.1   06:52     16.9     00.0    00.2   14.8     57.4    13:15     SSE
02   -01.8    04.3   00:39   -07.9   23:58     20.1     00.0    03.6   08.1     44.4    13:41     WNW
03   -06.8   -02.5   13:41   -12.3   00:00     25.1     00.0    00.0   06.1     31.4    15:02      NW
04   -06.8   -02.9   22:17   -13.8   06:53     25.1     00.0    00.0   07.7     25.9    13:42     SSE
05    04.4    13.2   14:44   -04.9   03:37     13.9     00.0    00.0   09.8     44.4    13:26      S 
06    11.4    15.9   13:19    08.3   06:30     06.9     00.0    00.0   11.5     51.8    20:43     SSW
07    06.7    11.0   00:03    01.7   00:00     11.6     00.0    00.0   06.2     25.9    08:10     NNW
08    03.0    07.1   00:00    00.9   06:33     15.3     00.0    00.0   03.3     16.6    23:54     ESE
09    12.2    19.7   14:24    06.3   06:13     06.1     00.0    00.0   09.8     29.6    17:40     SSW
10    16.5    21.2   13:48    12.5   07:12     01.8     00.0    00.0   13.5     44.4    13:25     SSW
11    16.4    18.4   14:12    11.9   00:00     01.9     00.0    00.0   14.9     53.6    17:31     SSW
12    02.5    11.8   00:02   -04.9   00:00     15.8     00.0    00.0   05.3     25.9    08:23      NW
13   -01.1    01.8   14:48   -05.7   06:53     19.4     00.0    00.0   02.7     14.8    12:40      SE
14   -00.0    02.4   12:44   -03.2   00:00     18.3     00.0    00.0   04.7     31.4    19:46     WNW
15   -02.6   -00.2   11:39   -06.7   07:12     20.9     00.0    00.0   11.0     50.0    19:22      SE
16    00.5    02.1   15:11   -01.4   00:09     17.8     00.0    00.0   12.6     53.6    00:11      S 
17   -03.6    00.1   00:08   -08.8   00:00     21.9     00.0    00.0   05.4     25.9    14:42      W 
18   -07.3   -04.7   12:34   -09.6   00:00     25.6     00.0    00.0   08.1     38.9    11:42     WNW
19   -07.7    00.0   00:32   -11.4   01:22     26.0     00.0    00.0   08.7     31.4    13:29     SSE
20    01.7    06.5   20:33   -05.7   00:01     16.6     00.0    00.0   09.9     38.9    20:05      S 
21   -00.7    05.5   00:05   -05.8   00:00     19.0     00.0    00.0   08.4     44.4    09:52     WNW
22   -05.7   -02.5   11:13   -11.6   06:57     24.0     00.0    00.0   04.7     24.1    22:55     SSE
23   -01.5    00.3   15:09   -04.6   00:05     19.8     00.0    06.4   09.4     37.0    04:52      SE
24   -08.0   -04.0   00:04   -15.9   23:53     26.3     00.0    00.0   07.8     46.3    10:59     WNW
25   -09.7   -04.8   21:35   -15.8   03:04     28.0     00.0    00.0   06.6     29.6    08:45     SSE
26   -02.9   -00.1   00:00   -05.6   00:01     21.2     00.0    00.0   05.4     25.9    15:57      SE
27    01.5    04.0   12:24   -00.2   01:20     16.8     00.0    00.0   03.5     24.1    05:45     SSW
28    00.4    02.1   14:11   -02.3   00:00     17.9     00.0    00.0   03.3     18.5    18:34      S 
29   -00.4    03.2   13:06   -03.4   20:52     18.7     00.0    00.0   04.1     24.1    02:03      SW
30    01.9    06.8   23:34   -01.7   00:08     16.4     00.0    13.6   10.2     59.2    23:32      SE
--------------------------------------------------------------------------------------------------------
00.5 (0.3)   21.2  day 10    -15.9  day 24   535.1    000.0   023.2   07.9     59.2   day 30      S 
Max <=   0: 9
Min <=   30: 30
Min <=  -5: 15
Min <= -10: 6
Min <= -15: 2
Max Rain: 13.6 ON 30-11-20
Days of Rain: 4 (> .2mm) 3 (> 2mm) 0 (> 20mm)