MONTHLY CLIMATOLOGICAL SUMMARY for NOV. 2023

NAME:    CITY:  STATE: 
ELEV:  LAT:  LONG: 

                            TEMPERATURE ( C), RAIN (mm), WIND SPEED (kmh)

                                               HEAT     COOL           AVG
      MEAN                                     DEG      DEG            WIND                       DOM
DAY   TEMP    HIGH   TIME     LOW    TIME      DAYS     DAYS    RAIN   SPEED    HIGH    TIME      DIR
--------------------------------------------------------------------------------------------------------
01   -03.0    01.0   14:56   -07.4   08:08     21.3     00.0    00.0   02.8     29.6    15:56      W 
02   -01.8    02.4   15:20   -07.2   07:55     20.1     00.0    00.0   06.4     35.1    16:34     SSE
03    03.9    07.2   14:02    00.8   00:01     14.4     00.0    00.0   15.8     48.1    12:31      SE
04    03.7    07.1   14:15   -02.3   20:38     14.6     00.0    00.0   06.6     44.4    00:48      S 
05   -01.9    02.4   10:59   -06.1   00:00     20.2     00.0    00.0   03.3     27.8    14:17     WSW
06   -02.9    01.2   14:06   -08.0   06:48     21.2     00.0    00.0   04.5     24.1    23:19     ESE
07    01.0    05.6   15:59   -02.2   02:16     17.3     00.0    00.0   10.7     38.9    05:05      E 
08   -02.2    00.1   00:07   -04.7   23:39     20.5     00.0    00.0   11.0     44.4    16:44      W 
09   -03.3   -01.2   15:08   -05.5   05:32     21.6     00.0    00.0   06.6     27.8    02:22      N 
10    01.0    05.5   12:38   -02.3   01:18     17.3     00.0    00.0   05.5     24.1    23:49     SSE
11   -01.2    00.1   14:16   -02.3   07:08     19.5     00.0    00.0   05.2     25.9    11:15     WSW
12   -02.9   -01.7   00:17   -04.0   16:40     21.2     00.0    00.0   05.5     22.2    22:11      W 
13   -03.8   -01.9   13:00   -08.4   00:00     22.1     00.0    00.0   03.0     18.5    04:49      SW
14   -03.3    01.0   13:46   -09.3   00:49     21.6     00.0    00.0   02.0     20.4    12:54     WNW
15    01.0    03.4   14:22   -01.4   00:08     17.3     00.0    00.0   09.6     33.3    19:48      SE
16    03.4    07.4   14:30   -01.3   17:51     14.9     00.0    00.0   05.5     29.6    10:00     SSW
17    06.4    10.6   18:02   -00.6   00:27     11.9     00.0    00.0   14.5     48.1    19:05     ESE
18    00.2    03.3   00:03   -03.1   00:00     18.1     00.0    00.0   05.1     24.1    00:55     WNW
19   -01.9    01.2   12:20   -03.8   01:03     20.2     00.0    00.0   04.3     25.9    17:56      SW
20   -04.1   -01.8   13:51   -06.0   23:30     22.4     00.0    00.0   06.6     31.4    13:21      W 
21   -04.9    00.3   14:21   -10.1   06:36     23.2     00.0    00.0   04.5     29.6    23:24     ESE
22   -01.3    00.7   15:04   -04.1   05:15     19.6     00.0    00.0   11.2     42.5    01:27      E 
23    00.5    01.8   10:57   -01.4   22:21     17.8     00.0    00.0   01.7     16.6    20:50     WNW
24   -08.0   -01.2   02:15   -12.4   23:57     26.3     00.0    00.0   05.4     31.4    07:41     WSW
25   -08.4   -02.7   23:48   -14.4   04:53     26.7     00.0    00.0   10.2     44.4    16:13     SSE
26   -01.5    01.4   14:09   -04.0   18:22     19.8     00.0    00.0   09.4     35.1    09:17      SE
27    00.4    01.8   14:35   -01.8   00:00     17.9     00.0    00.0   09.6     46.3    04:48     ESE
28   -04.6   -01.3   11:11   -08.8   22:54     22.9     00.0    00.0   06.0     33.3    13:03      S 
29   -08.2   -05.3   11:29   -12.1   18:01     26.5     00.0    00.0   05.9     29.6    07:38     SSW
30   -02.8    01.1   20:31   -08.9   00:05     21.1     00.0    00.0   16.9     61.0    16:44      SE
--------------------------------------------------------------------------------------------------------
-1.7 (-1.9)   10.6  day 17    -14.4  day 25   599.6    000.0   000.0   07.2     61.1   day 30     SSE
Max <=   0: 8
Min <=   30: 30
Max <=  -5: 1
Min <=  -5: 14
Min <= -10: 4
Max Rain: 0.0 ON 0-11-23
Days of Rain: 0 (> .2mm) 0 (> 2mm) 0 (> 20mm)