MONTHLY CLIMATOLOGICAL SUMMARY for JAN. 2023

NAME:    CITY:  STATE: 
ELEV:  LAT:  LONG: 

                            TEMPERATURE ( C), RAIN (mm), WIND SPEED (kmh)

                                               HEAT     COOL           AVG
      MEAN                                     DEG      DEG            WIND                       DOM
DAY   TEMP    HIGH   TIME     LOW    TIME      DAYS     DAYS    RAIN   SPEED    HIGH    TIME      DIR
--------------------------------------------------------------------------------------------------------
01   -00.9    02.6   02:53   -06.3   00:00     19.2     00.0    06.6   06.9     31.4    09:55     NNW
02   -04.6   -02.3   00:00   -07.9   03:12     22.9     00.0    00.0   02.4     18.5    23:46      W 
03   -00.8    01.0   14:53   -02.3   00:27     19.1     00.0    01.2   07.2     22.2    13:39     SSW
04   -05.0   -01.8   11:36   -11.9   00:00     23.3     00.0    00.0   05.6     29.6    20:39     NNW
05   -10.4   -07.6   00:00   -12.3   06:47     28.7     00.0    00.0   06.7     22.2    20:50      E 
06   -05.6   -04.1   15:04   -07.6   00:05     23.9     00.0    00.0   05.8     18.5    19:41      SE
07   -06.4   -02.4   10:33   -11.9   21:41     24.7     00.0    00.0   06.3     35.1    18:14     WNW
08   -10.5   -07.4   14:35   -15.3   08:16     28.8     00.0    00.0   09.7     44.4    17:54      SW
09   -07.3   -06.0   15:54   -09.1   01:00     25.6     00.0    00.0   05.3     24.1    07:45      S 
10   -09.9   -06.9   01:05   -19.0   00:00     28.2     00.0    00.0   04.8     25.9    12:38     NNW
11   -17.0   -09.3   14:35   -23.1   00:00     35.3     00.0    00.0   02.0     20.4    00:45     NNW
12   -13.8   -07.3   00:00   -23.2   00:31     32.1     00.0    00.0   06.1     22.2    20:50      SE
13   -05.3   -04.2   10:57   -07.3   00:08     23.6     00.0    00.0   11.6     48.1    18:25     NNE
14   -08.3   -05.9   00:27   -11.9   00:00     26.6     00.0    00.0   12.4     35.1    18:47      N 
15   -11.6   -07.7   15:10   -16.4   06:04     29.9     00.0    00.0   11.0     29.6    23:34      N 
16   -06.9   -05.6   14:49   -09.5   00:02     25.2     00.0    00.0   15.9     44.4    15:55      N 
17   -04.6   -03.4   13:09   -06.9   00:10     22.9     00.0    00.0   04.6     24.1    00:07      NW
18   -03.3   -02.0   20:49   -04.4   06:56     21.6     00.0    00.0   05.5     37.0    17:14     WNW
19   -05.1   -03.1   00:10   -09.7   18:57     23.4     00.0    00.0   07.8     35.1    09:43      NW
20   -06.9   -05.4   12:40   -09.1   00:00     25.2     00.0    00.0   08.1     29.6    02:36     NNE
21   -09.5   -05.6   13:35   -17.1   23:12     27.8     00.0    00.2   03.9     18.5    09:59      NW
22   -08.5   -04.4   16:19   -20.3   04:37     26.8     00.0    00.0   06.0     25.9    16:21      S 
23   -05.6   -04.3   13:15   -09.3   07:45     23.9     00.0    00.0   06.9     27.8    21:08      N 
24   -06.6   -01.8   14:10   -14.1   00:00     24.9     00.0    00.0   07.1     40.7    16:53     WNW
25   -14.9   -10.1   13:31   -21.9   07:53     33.2     00.0    00.0   04.8     20.4    20:49     SSW
26   -09.6   -06.8   17:36   -13.8   00:51     27.9     00.0    00.0   08.8     35.1    04:45     NNE
27   -11.8   -07.4   15:13   -15.6   20:34     30.1     00.0    00.0   06.0     25.9    10:05      SW
28   -07.9   -01.9   15:39   -15.5   03:29     26.2     00.0    00.0   09.7     40.7    14:15     SSE
29   -16.5   -12.8   22:06   -24.9   07:38     34.8     00.0    00.0   03.8     20.4    20:40     NNE
30   -14.1   -09.3   14:42   -20.4   06:22     32.4     00.0    00.0   02.6     18.5    11:35      SW
31   -16.4   -10.7   12:32   -25.8   22:38     34.7     00.0    00.0   03.5     24.1    14:34     WNW
--------------------------------------------------------------------------------------------------------
-8.6 (-9.5)   02.6  day 01    -25.8  day 31   832.8    000.0   007.8   06.7     48.1   day 28     NNW
Max <=   0: 29
Min <=   30: 31
Min <= -18: 8
Max <=  -5: 17
Min <=  -5: 29
Max <= -10: 3
Min <= -10: 19
Min <= -15: 13
Min <= -20: 7
Min <= -25: 1
Max Rain: 6.6 ON 1-01-23
Days of Rain: 3 (> .2mm) 1 (> 2mm) 0 (> 20mm)