MONTHLY CLIMATOLOGICAL SUMMARY for FEB. 2023

NAME:    CITY:  STATE: 
ELEV:  LAT:  LONG: 

                            TEMPERATURE ( C), RAIN (mm), WIND SPEED (kmh)

                                               HEAT     COOL           AVG
      MEAN                                     DEG      DEG            WIND                       DOM
DAY   TEMP    HIGH   TIME     LOW    TIME      DAYS     DAYS    RAIN   SPEED    HIGH    TIME      DIR
--------------------------------------------------------------------------------------------------------
01   -15.6   -09.7   13:53   -21.1   00:03     33.9     00.0    00.0   09.2     33.3    13:28     SSW
02   -11.0   -06.2   14:23   -17.1   02:24     29.3     00.0    00.0   14.5     46.3    21:52      S 
03   -25.4   -06.7   01:26   -31.4   22:44     43.7     00.0    00.0   11.8     44.4    17:36     WNW
04   -26.1   -21.1   15:06   -31.3   01:23     44.4     00.0    00.0   11.5     55.5    06:08      W 
05   -14.2   -08.6   14:27   -23.7   00:04     32.5     00.0    00.0   11.5     48.1    05:17      S 
06   -13.9   -08.7   13:51   -23.3   23:43     32.2     00.0    00.0   03.7     29.6    11:22     WNW
07   -13.6   -06.0   14:37   -24.6   06:40     31.9     00.0    00.0   09.0     42.5    20:37      E 
08   -05.9    00.1   10:06   -13.3   23:53     24.2     00.0    00.0   07.5     37.0    12:31      SW
09   -10.3   -05.5   13:43   -17.8   03:33     28.6     00.0    00.0   04.7     35.1    23:13     NNE
10   -07.7   -05.7   15:27   -10.7   00:00     26.0     00.0    00.0   09.5     42.5    06:14     ENE
11   -10.1   -06.4   15:09   -15.2   18:37     28.4     00.0    00.0   08.6     42.5    22:10     SSW
12   -03.5    00.3   14:58   -07.3   00:11     21.8     00.0    00.0   06.2     42.5    00:09      S 
13   -05.4   -03.1   14:13   -07.3   04:53     23.7     00.0    00.0   03.2     16.6    20:43      NE
14   -06.7   -03.3   14:21   -10.6   06:51     25.0     00.0    00.0   03.3     20.4    23:53      W 
15   -01.6    03.6   00:00   -10.4   07:30     19.9     00.0    00.0   13.5     40.7    22:59      SE
16    00.1    05.1   10:19   -08.8   23:56     18.2     00.0    01.2   11.1     51.8    02:09     SSW
17   -13.7   -08.7   00:35   -20.4   22:10     32.0     00.0    00.0   09.8     33.3    14:10      NW
18   -14.4   -07.7   22:34   -24.9   07:18     32.7     00.0    00.0   06.6     37.0    15:24     SSE
19   -07.3   -01.8   23:53   -17.3   04:21     25.6     00.0    00.0   09.0     44.4    19:39     ESE
20   -01.7    03.3   13:57   -14.6   00:00     20.0     00.0    00.0   10.9     33.3    11:06      SE
21   -15.2   -07.2   15:03   -24.7   07:15     33.5     00.0    00.0   04.2     25.9    23:39      NE
22   -11.6   -07.6   04:37   -18.3   00:00     29.9     00.0    00.0   08.1     35.1    14:46     WSW
23   -18.2   -13.7   14:05   -24.5   04:10     36.5     00.0    00.0   04.2     20.4    09:44      NW
24   -18.0   -14.7   13:05   -21.3   00:00     36.3     00.0    00.0   08.3     33.3    11:38     WNW
25   -18.5   -12.0   13:27   -27.7   06:15     36.8     00.0    00.0   04.3     25.9    09:34      S 
26   -17.0   -09.6   14:56   -25.9   06:58     35.3     00.0    00.0   03.6     18.5    17:21     ESE
27   -16.6   -06.4   14:42   -24.2   05:29     34.9     00.0    00.0   01.4     18.5    13:12      NW
28   -13.2   -05.6   14:16   -24.3   06:16     31.5     00.0    00.0   09.4     38.9    16:28      E 
--------------------------------------------------------------------------------------------------------
-12.0 (-12.8)   05.1  day 16    -31.4  day 03   848.6    000.0   001.2   07.8     55.5   day 05      S 
Max <=   0: 23
Min <=   30: 28
Min <= -18: 16
Max <=  -5: 20
Min <=  -5: 28
Max <= -10: 4
Min <= -10: 25
Max <= -15: 1
Min <= -15: 20
Max <= -20: 1
Min <= -20: 15
Min <= -25: 4
Max Rain: 1.2 ON 16-02-23
Days of Rain: 1 (> .2mm) 0 (> 2mm) 0 (> 20mm)