MONTHLY CLIMATOLOGICAL SUMMARY for APR. 2023

NAME:    CITY:  STATE: 
ELEV:  LAT:  LONG: 

                            TEMPERATURE ( C), RAIN (mm), WIND SPEED (kmh)

                                               HEAT     COOL           AVG
      MEAN                                     DEG      DEG            WIND                       DOM
DAY   TEMP    HIGH   TIME     LOW    TIME      DAYS     DAYS    RAIN   SPEED    HIGH    TIME      DIR
--------------------------------------------------------------------------------------------------------
01   -01.2    00.2   21:35   -03.4   02:43     19.5     00.0    00.0   08.2     31.4    11:47      E 
02   -06.0   -01.5   00:03   -09.2   00:00     24.3     00.0    00.0   11.2     50.0    15:47     WSW
03   -03.9    03.5   13:35   -15.7   07:00     22.2     00.0    00.0   10.7     55.5    15:56     SSE
04   -00.9    02.2   15:04   -06.7   00:00     19.2     00.0    00.0   06.2     27.8    17:11      W 
05   -05.6   -00.8   14:58   -11.2   06:53     23.9     00.0    00.0   06.1     22.2    21:53      N 
06    00.7    05.3   18:41   -04.2   00:27     17.6     00.0    00.0   12.8     38.9    20:03      SE
07   -02.1    03.1   00:04   -06.9   20:27     20.4     00.0    00.0   10.2     48.1    17:07     WSW
08   -05.1   -00.2   16:18   -09.9   06:28     23.4     00.0    00.0   08.2     44.4    11:12      W 
09    00.6    06.9   16:35   -08.5   06:44     17.7     00.0    00.0   05.5     35.1    17:57      SW
10    06.2    14.8   15:45   -02.6   04:35     12.1     00.0    00.0   10.5     40.7    14:07     SSE
11    08.2    11.8   13:28    04.7   00:00     10.1     00.0    00.8   09.5     55.5    17:25     SSE
12    03.4    08.8   16:10   -03.2   00:00     14.9     00.0    00.2   07.6     40.7    00:38     WSW
13    06.4    16.8   17:47   -05.3   06:00     11.9     00.0    00.0   06.9     40.7    16:03     SSE
14    06.1    11.9   00:05   -01.4   23:22     12.2     00.0    00.0   08.1     33.3    00:27      W 
15    05.6    15.6   16:49   -03.2   06:00     12.7     00.0    00.0   05.0     22.2    13:30      E 
16    05.9    13.7   14:38   -00.4   00:32     12.4     00.0    00.0   06.2     27.8    15:30     ENE
17    06.7    10.7   14:55    03.6   04:06     11.6     00.0    02.4   09.2     35.1    23:24     ENE
18    05.3    07.1   14:00    02.2   00:00     13.0     00.0    03.8   09.4     37.0    00:44     ESE
19    04.1    07.7   15:57    01.3   00:00     14.2     00.0    00.0   07.5     27.8    11:41     SSE
20    00.4    03.0   12:41   -01.8   00:00     17.9     00.0    00.0   07.3     29.6    18:26     WSW
21    02.8    10.4   16:37   -04.9   06:22     15.5     00.0    00.2   04.5     25.9    14:22     ENE
22    07.4    12.4   15:33    02.4   06:05     10.9     00.0    00.0   13.2     35.1    18:14      E 
23    07.9    14.9   17:00    01.7   06:12     10.4     00.0    00.0   11.3     42.5    11:47     ENE
24    05.0    10.1   16:20    01.9   07:22     13.3     00.0    00.0   09.3     37.0    00:51     ENE
25    03.6    06.9   15:59    01.6   07:40     14.7     00.0    01.4   06.3     22.2    03:48      E 
26    04.9    10.3   16:13   -01.0   23:54     13.4     00.0    00.6   03.7     22.2    10:40     ESE
27    05.7    13.5   15:15   -01.9   06:18     12.6     00.0    00.0   04.5     29.6    18:37     WNW
28    08.2    16.7   15:48   -00.9   03:17     10.1     00.0    00.0   04.3     25.9    12:40      W 
29    09.7    18.3   14:12   -01.2   04:40     08.6     00.0    00.0   07.2     35.1    16:00      E 
30    08.2    10.5   00:02    05.8   03:42     10.1     00.0    00.6   11.4     42.5    11:36      E 
--------------------------------------------------------------------------------------------------------
03.3 (3.1)   18.3  day 29    -15.7  day 03   450.6    000.0   010.0   08.1     55.5   day 11      SE
Max <=   0: 3
Min <=   30: 30
Min <=  -5: 8
Min <= -10: 2
Min <= -15: 1
Max Rain: 3.8 ON 18-04-23
Days of Rain: 8 (> .2mm) 2 (> 2mm) 0 (> 20mm)