MONTHLY CLIMATOLOGICAL SUMMARY for MAY. 2021

NAME:    CITY:  STATE: 
ELEV:  LAT:  LONG: 

                            TEMPERATURE ( C), RAIN (mm), WIND SPEED (kmh)

                                               HEAT     COOL           AVG
      MEAN                                     DEG      DEG            WIND                       DOM
DAY   TEMP    HIGH   TIME     LOW    TIME      DAYS     DAYS    RAIN   SPEED    HIGH    TIME      DIR
--------------------------------------------------------------------------------------------------------
01    04.2    07.5   14:31    01.4   22:29     14.1     00.0    00.0   09.7     48.1    13:37     WNW
02    04.0    10.2   14:14    00.2   21:59     14.3     00.0    00.0   10.6     50.0    12:49     WSW
03    04.8    11.7   14:20   -02.0   05:29     13.5     00.0    00.0   07.2     31.4    11:48     WNW
04    06.0    12.8   14:12   -02.9   04:58     12.3     00.0    00.0   03.6     18.5    13:12      N 
05    05.9    07.5   09:15    03.9   00:00     12.4     00.0    10.0   09.1     35.1    15:00      SE
06    03.1    05.5   14:13    00.3   07:17     15.2     00.0    08.6   06.0     27.8    19:13      NW
07    04.7    10.3   17:29   -02.2   23:45     13.6     00.0    00.0   04.2     24.1    16:33     NNW
08    03.7    09.8   14:14   -03.3   04:22     14.6     00.0    00.0   08.9     37.0    18:05      N 
09    07.4    13.8   15:55    00.8   00:00     10.9     00.0    00.0   06.9     37.0    14:49      NW
10    07.8    15.4   14:52   -01.9   05:49     10.5     00.0    00.0   03.7     29.6    12:28      NW
11    07.7    13.2   11:27    02.7   05:42     10.6     00.0    00.6   04.1     38.9    13:49      N 
12    05.4    10.4   16:09    00.1   23:52     12.9     00.0    00.0   07.9     31.4    15:08     NNW
13    10.0    16.6   15:50    00.3   00:24     08.3     00.0    00.0   07.4     51.8    14:40     WNW
14    08.6    15.7   16:54   -00.2   06:03     09.7     00.0    00.0   06.9     37.0    14:01     NNW
15    10.6    22.4   14:35   -02.2   05:42     07.7     00.0    00.0   04.4     33.3    18:19      W 
16    10.7    19.1   14:35    01.1   05:23     07.6     00.0    00.6   03.9     27.8    12:44     SSE
17    12.6    19.9   11:50    03.4   04:00     05.7     00.0    06.6   05.8     29.6    15:09     SSE
18    13.0    18.1   15:40    05.4   00:00     05.3     00.0    00.4   07.4     37.0    17:05     WNW
19    12.1    20.3   17:38    02.0   04:42     06.2     00.0    00.0   04.0     25.9    13:40      N 
20    18.0    27.5   14:14    06.3   02:09     00.3     00.0    00.0   07.9     31.4    18:52      S 
21    19.6    25.2   10:38    14.6   01:57     00.0     01.3    01.4   06.3     27.8    21:45     SSW
22    20.5    25.3   15:00    16.8   00:00     00.0     02.2    00.2   06.2     27.8    15:47      SW
23    11.1    17.4   00:27    02.7   00:00     07.2     00.0    08.8   09.1     48.1    11:00     NNW
24    08.0    16.1   18:04   -01.7   05:04     10.3     00.0    00.0   04.7     35.1    15:37     WSW
25    14.4    22.6   12:40    05.0   01:17     03.9     00.0    02.0   12.5     55.5    12:52     SSW
26    21.0    27.1   16:30    16.1   00:24     00.0     02.7    01.0   12.6     61.0    15:45     SSW
27    06.7    18.8   00:01    00.0   22:38     11.6     00.0    01.2   09.5     40.7    19:09      NW
28    04.2    10.0   16:55   -00.9   05:49     14.1     00.0    00.0   07.5     40.7    13:29      NW
29    05.4    12.8   16:31   -02.9   05:24     12.9     00.0    00.0   05.0     31.4    10:40      N 
30    09.7    18.3   15:50   -01.9   05:35     08.6     00.0    00.2   06.2     29.6    16:45      SE
31    07.3    09.0   15:32    05.9   06:21     11.0     00.0    11.0   04.4     20.4    17:59     NNE
--------------------------------------------------------------------------------------------------------
09.3 (9.0)   27.5  day 20    -03.3  day 08   284.9    006.1   053.8   06.9     61.1   day 26     WNW
Min <=   30: 31
Max Rain: 11.0 ON 31-05-21
Days of Rain: 14 (> .2mm) 5 (> 2mm) 0 (> 20mm)