MONTHLY CLIMATOLOGICAL SUMMARY for MAY. 2023

NAME:    CITY:  STATE: 
ELEV:  LAT:  LONG: 

                            TEMPERATURE ( C), RAIN (mm), WIND SPEED (kmh)

                                               HEAT     COOL           AVG
      MEAN                                     DEG      DEG            WIND                       DOM
DAY   TEMP    HIGH   TIME     LOW    TIME      DAYS     DAYS    RAIN   SPEED    HIGH    TIME      DIR
--------------------------------------------------------------------------------------------------------
01    06.6    08.8   16:32    04.3   09:26     11.7     00.0    13.2   16.8     55.5    17:20     ENE
02    06.1    10.0   14:57    03.0   00:00     12.2     00.0    01.2   10.2     35.1    18:20      NE
03    02.7    05.3   15:50    01.0   05:05     15.6     00.0    00.8   09.6     29.6    18:20     NNE
04    05.4    10.1   13:31    02.3   00:30     12.9     00.0    01.2   07.5     31.4    13:38      N 
05    08.3    15.7   16:26   -00.1   06:19     10.0     00.0    00.0   06.0     37.0    12:28     WNW
06    12.0    19.5   16:42    02.2   04:34     06.3     00.0    00.0   07.4     40.7    12:59      W 
07    12.7    18.3   15:47    04.7   05:48     05.6     00.0    00.0   07.2     37.0    09:53     WSW
08    04.1    10.0   00:06   -01.2   23:01     14.2     00.0    00.4   09.1     50.0    10:58      W 
09    04.2    10.4   16:58   -02.1   02:09     14.1     00.0    00.8   07.4     38.9    14:32      W 
10    08.9    16.8   17:45    00.4   03:35     09.4     00.0    00.0   05.3     35.1    14:04     WSW
11    11.8    19.8   15:11    02.5   03:43     06.5     00.0    00.0   03.4     22.2    11:46     WSW
12    11.9    19.3   17:13    03.1   04:33     06.4     00.0    01.6   04.8     35.1    11:41      S 
13    06.4    09.8   00:08    04.8   15:19     11.9     00.0    00.2   09.3     38.9    16:28     WSW
14    07.9    13.5   16:41    03.4   04:29     10.4     00.0    00.0   11.3     44.4    11:25      W 
15    10.4    16.9   12:08    06.1   00:41     07.9     00.0    01.6   07.6     44.4    13:17     SSW
16    06.7    09.4   11:50    00.9   22:38     11.6     00.0    00.2   04.9     24.1    18:32     WSW
17    01.7    05.4   15:37   -00.7   21:12     16.6     00.0    00.0   09.7     48.1    12:09      W 
18    04.9    11.9   18:07   -01.8   05:47     13.4     00.0    00.0   07.0     33.3    15:07     SSW
19    13.5    21.7   17:30    05.9   05:57     04.8     00.0    00.0   16.6     62.9    16:29      SE
20    15.4    19.6   18:19    11.2   06:14     02.9     00.0    00.2   11.1     46.3    00:13     ESE
21    11.9    15.2   10:06    02.2   00:00     06.4     00.0    06.0   11.6     44.4    11:19     SSE
22    05.1    13.4   16:43   -02.3   05:36     13.2     00.0    00.0   04.9     29.6    00:33     WNW
23    11.7    21.6   16:58   -02.5   05:29     06.6     00.0    00.0   10.0     46.3    14:23      SE
24    09.3    14.2   00:04    05.8   23:23     09.0     00.0    08.2   07.2     44.4    01:04      S 
25    04.6    06.4   01:45    02.7   20:50     13.7     00.0    04.6   09.7     37.0    16:49      NW
26    09.9    18.4   16:49    03.3   00:56     08.4     00.0    00.4   06.0     35.1    13:19     WNW
27    15.6    21.0   18:31    07.3   05:09     02.7     00.0    00.0   04.5     25.9    15:29      S 
28    19.1    26.9   11:24    10.9   00:00     00.0     00.8    00.0   10.6     57.4    14:40     WSW
29    10.8    19.1   17:19    04.9   23:48     07.5     00.0    00.0   06.3     29.6    08:35      NW
30    16.0    26.7   16:57    02.8   05:22     02.3     00.0    00.0   03.3     25.9    13:38      S 
31    22.8    32.3   15:57    12.7   05:08     00.0     04.5    00.0   04.4     25.9    12:29      S 
--------------------------------------------------------------------------------------------------------
09.6 (9.4)   32.3  day 31    -02.5  day 23   273.9    005.3   039.4   08.1     62.9   day 19     WSW
Max >=  30: 1
Min <=   30: 31
Max Rain: 13.2 ON 1-05-23
Days of Rain: 15 (> .2mm) 4 (> 2mm) 0 (> 20mm)