MONTHLY CLIMATOLOGICAL SUMMARY for JUN. 2023

NAME:    CITY:  STATE: 
ELEV:  LAT:  LONG: 

                            TEMPERATURE ( C), RAIN (mm), WIND SPEED (kmh)

                                               HEAT     COOL           AVG
      MEAN                                     DEG      DEG            WIND                       DOM
DAY   TEMP    HIGH   TIME     LOW    TIME      DAYS     DAYS    RAIN   SPEED    HIGH    TIME      DIR
--------------------------------------------------------------------------------------------------------
01    24.5    31.8   12:48    17.8   05:37     00.0     06.2    00.0   04.8     40.7    19:02      W 
02    13.6    20.3   08:49    07.3   00:00     04.7     00.0    04.8   06.9     31.4    23:36     NNW
03    08.3    13.6   15:42    03.9   05:28     10.0     00.0    00.0   09.9     33.3    17:17     NNW
04    09.7    15.7   16:29    04.5   06:02     08.6     00.0    00.4   06.1     24.1    09:47     NNW
05    10.9    17.4   14:05    04.1   05:36     07.4     00.0    01.4   04.3     27.8    11:36     NNE
06    08.4    09.2   14:38    07.3   00:00     09.9     00.0    25.0   13.1     44.4    15:07     WNW
07    07.9    09.6   15:16    06.4   06:39     10.4     00.0    12.0   09.5     38.9    00:53      NW
08    09.9    13.2   16:08    07.8   05:46     08.4     00.0    02.8   05.7     20.4    13:55      N 
09    10.6    15.0   17:08    07.8   04:44     07.7     00.0    00.8   03.6     16.6    18:44     NNW
10    12.1    17.7   16:31    07.7   23:43     06.2     00.0    00.0   02.9     22.2    16:40     WNW
11    14.3    22.2   17:22    04.9   05:15     04.0     00.0    00.0   02.5     22.2    12:31     WSW
12    18.9    27.8   16:30    11.4   03:01     00.0     00.6    00.0   02.6     18.5    16:39     SSE
13    18.4    26.5   13:24    10.3   05:46     00.0     00.1    00.0   05.7     38.9    11:28      SE
14    18.6    23.4   13:09    13.9   05:26     00.0     00.3    00.8   04.3     25.9    11:28      E 
15    15.1    19.9   11:59    09.1   00:00     03.2     00.0    21.0   04.4     27.8    12:14     NNW
16    11.9    18.1   15:36    07.8   01:59     06.4     00.0    00.2   05.1     22.2    07:32      NW
17    10.7    11.7   13:51    08.5   00:15     07.6     00.0    09.2   05.4     25.9    11:35      N 
18    09.5    11.6   16:09    08.3   05:50     08.8     00.0    14.4   09.9     31.4    15:33      NW
19    10.6    15.3   18:40    07.5   04:53     07.7     00.0    00.0   04.0     18.5    15:26     WNW
20    14.1    19.3   16:25    09.4   05:12     04.2     00.0    00.0   03.0     20.4    12:47      NW
21    17.2    26.2   16:41    07.6   05:34     01.1     00.0    00.0   02.6     18.5    17:57     SSE
22    20.5    28.5   14:58    13.6   05:24     00.0     02.2    00.0   03.7     24.1    12:27     SSE
23    21.8    28.9   15:43    15.7   05:04     00.0     03.5    00.0   03.7     24.1    08:12     SSE
24    21.8    27.8   15:01    15.7   01:53     00.0     03.5    01.8   06.5     25.9    14:29     SSE
25    19.4    24.4   17:03    15.4   23:01     00.0     01.1    00.0   03.7     20.4    09:20      NW
26    16.5    22.2   13:54    14.0   06:44     01.8     00.0    00.0   09.4     42.5    13:59     ENE
27    16.3    19.8   15:46    13.0   05:13     02.0     00.0    01.0   12.0     33.3    06:57      E 
28    20.3    25.4   14:14    17.7   04:17     00.0     02.0    01.8   11.6     38.9    11:31     ESE
29    18.6    23.4   14:07    16.3   23:13     00.0     00.3    75.4   06.2     29.6    12:32     ESE
30    19.7    25.9   17:53    16.5   00:51     00.0     01.4    10.0   03.5     18.5    15:42      SE
--------------------------------------------------------------------------------------------------------
15.0 (15.4)   31.8  day 01     03.9  day 03   120.1    021.2   182.8   05.9     44.4   day 28     N
Max >=  30: 1
Min <=   30: 30
Max Rain: 75.4 ON 29-06-23
Days of Rain: 17 (> .2mm) 9 (> 2mm) 3 (> 20mm)