MONTHLY CLIMATOLOGICAL SUMMARY for JUL. 2021

NAME:    CITY:  STATE: 
ELEV:  LAT:  LONG: 

                            TEMPERATURE ( C), RAIN (mm), WIND SPEED (kmh)

                                               HEAT     COOL           AVG
      MEAN                                     DEG      DEG            WIND                       DOM
DAY   TEMP    HIGH   TIME     LOW    TIME      DAYS     DAYS    RAIN   SPEED    HIGH    TIME      DIR
--------------------------------------------------------------------------------------------------------
01    13.4    17.2   15:09    11.3   06:48     04.9     00.0    01.4   07.1     31.4    06:12      N 
02    12.3    17.4   17:10    06.1   00:00     06.0     00.0    00.0   05.7     27.8    10:59      NE
03    11.8    19.4   17:59    01.9   05:18     06.5     00.0    00.0   04.0     22.2    10:50      E 
04    14.1    20.9   18:39    08.8   04:25     04.2     00.0    00.0   05.4     33.3    14:49      NE
05    17.7    25.3   15:05    08.7   00:46     00.6     00.0    00.0   04.9     25.9    16:17     SSW
06    20.6    26.9   13:15    15.2   03:18     00.0     02.3    05.0   10.4     38.9    13:29      S 
07    12.3    16.4   16:55    07.5   23:54     06.0     00.0    00.0   05.0     33.3    11:50      NW
08    13.1    20.2   15:55    04.9   03:55     05.2     00.0    04.4   04.8     25.9    16:01      SE
09    14.4    18.8   14:42    12.1   00:00     03.9     00.0    06.6   09.7     37.0    03:30     SSE
10    16.5    24.6   16:28    10.0   05:55     01.8     00.0    00.0   03.7     20.4    14:38      NW
11    18.4    26.6   15:08    10.6   00:00     00.0     00.1    00.6   06.0     29.6    16:22      SW
12    16.3    24.3   16:09    08.3   05:27     02.0     00.0    00.0   02.5     22.2    15:15      N 
13    18.0    26.4   15:17    07.2   05:23     00.3     00.0    00.0   05.6     29.6    16:38     SSE
14    19.2    24.0   15:45    15.5   07:30     00.0     00.9    09.6   12.3     33.3    17:02     SSE
15    22.1    27.6   16:20    16.8   05:36     00.0     03.8    00.2   06.9     29.6    23:54      S 
16    19.5    21.8   16:43    12.9   00:00     00.0     01.2    03.4   08.8     48.1    09:12      S 
17    18.9    25.3   17:45    11.8   01:15     00.0     00.6    00.0   03.2     18.5    15:39      SW
18    19.9    26.6   16:37    13.3   01:42     00.0     01.6    00.0   01.1     09.3    11:43     SSW
19    20.2    27.8   17:57    13.1   03:05     00.0     01.9    00.0   01.4     14.8    23:08      SW
20    16.1    19.3   18:29    10.0   00:00     02.2     00.0    00.0   04.6     24.1    08:37     NNW
21    13.1    15.3   13:33    10.0   00:03     05.2     00.0    03.6   03.0     18.5    09:00     NNE
22    13.7    20.2   16:31    06.9   05:38     04.6     00.0    02.8   02.1     25.9    16:05     NNW
23    15.7    22.9   15:51    09.6   02:50     02.6     00.0    00.0   03.9     27.8    17:13     NNW
24    18.8    27.6   17:01    11.1   00:11     00.0     00.5    00.0   02.5     16.6    11:12      SW
25    16.3    19.1   10:19    11.9   00:33     02.0     00.0    21.2   10.0     35.1    09:47     SSE
26    18.4    24.9   16:19    13.1   05:43     00.0     00.1    06.0   04.9     29.6    19:43     SSW
27    14.3    18.7   14:58    08.7   23:51     04.0     00.0    00.0   03.5     22.2    18:54      NW
28    12.9    19.1   16:27    07.7   06:12     05.4     00.0    00.0   04.4     29.6    13:12      NW
29    15.4    21.2   15:10    08.4   00:29     02.9     00.0    00.0   07.2     35.1    15:19     SSW
30    13.4    16.8   17:16    09.9   21:41     04.9     00.0    01.6   02.1     25.9    19:40     WNW
31    13.6    18.1   15:32    10.2   23:06     04.7     00.0    00.0   05.0     37.0    11:50     WSW
--------------------------------------------------------------------------------------------------------
16.1 (16.0)   27.8  day 19     01.9  day 03   079.8    013.0   066.4   05.2     48.1   day 16      S 
Min <=   30: 31
Max Rain: 21.2 ON 25-07-21
Days of Rain: 13 (> .2mm) 9 (> 2mm) 1 (> 20mm)