MONTHLY CLIMATOLOGICAL SUMMARY for JUL. 2023

NAME:    CITY:  STATE: 
ELEV:  LAT:  LONG: 

                            TEMPERATURE ( C), RAIN (mm), WIND SPEED (kmh)

                                               HEAT     COOL           AVG
      MEAN                                     DEG      DEG            WIND                       DOM
DAY   TEMP    HIGH   TIME     LOW    TIME      DAYS     DAYS    RAIN   SPEED    HIGH    TIME      DIR
--------------------------------------------------------------------------------------------------------
01    20.2    25.3   13:50    16.1   05:25     00.0     01.9    01.8   06.2     27.8    13:41     ESE
02    19.1    22.3   15:11    17.1   07:10     00.0     00.8    00.8   09.0     29.6    17:42     ESE
03    20.0    25.8   15:19    16.6   00:00     00.0     01.7    00.0   03.2     24.1    16:11      NW
04    20.8    28.6   15:46    14.6   05:15     00.0     02.5    00.0   03.4     22.2    12:03      NW
05    22.4    31.6   18:22    14.7   05:19     00.0     04.1    00.0   01.8     18.5    14:29      NW
06    23.7    31.8   13:47    15.3   03:43     00.0     05.4    00.0   03.1     33.3    14:12      SE
07    22.1    29.8   12:27    16.3   04:31     00.0     03.8    01.2   03.7     27.8    11:43      SE
08    22.2    28.6   15:24    17.6   05:44     00.0     03.9    06.6   03.3     33.3    18:35     NNE
09    20.1    25.7   14:56    17.6   22:50     00.0     01.8    63.6   05.8     37.0    17:13      E 
10    21.0    25.0   15:40    16.6   02:54     00.0     02.7    01.0   06.5     29.6    17:36      E 
11    19.2    22.7   14:15    15.3   00:00     00.0     00.9    35.4   06.7     29.6    10:45      E 
12    19.6    25.7   17:28    14.1   03:24     00.0     01.3    00.0   05.1     31.4    16:35     SSE
13    19.4    25.7   14:14    12.4   05:31     00.0     01.1    00.0   03.7     24.1    12:46      E 
14    20.9    24.4   18:05    16.5   23:46     00.0     02.6    00.0   07.7     29.6    11:26      SE
15    20.0    25.2   14:48    16.1   07:00     00.0     01.7    28.2   02.8     27.8    17:29     ESE
16    20.1    21.6   12:46    17.6   05:56     00.0     01.8    05.4   06.9     33.3    15:53      E 
17    22.7    27.7   15:39    18.8   23:16     00.0     04.4    00.4   06.5     31.4    00:50      SE
18    20.2    26.5   13:06    14.1   05:19     00.0     01.9    02.4   04.0     27.8    13:40     ESE
19    20.1    25.2   17:01    13.7   23:26     00.0     01.8    00.8   04.2     22.2    15:08      S 
20    17.0    23.5   18:02    11.0   05:29     01.3     00.0    00.0   01.9     18.5    13:24     WSW
21    17.7    23.9   14:14    11.6   02:50     00.6     00.0    04.4   04.0     33.3    18:22      E 
22    19.0    24.7   15:09    15.5   23:25     00.0     00.7    08.2   05.3     31.4    17:38     ESE
23    19.4    25.7   17:51    15.6   03:38     00.0     01.1    00.2   03.4     18.5    14:40     SSE
24    21.3    27.6   15:45    15.7   05:33     00.0     03.0    00.4   04.3     25.9    12:28     SSE
25    20.5    25.8   16:36    15.1   01:07     00.0     02.2    00.0   05.5     31.4    15:37     SSE
26    20.4    25.4   16:15    15.4   00:02     00.0     02.1    00.0   06.1     37.0    15:27     SSE
27    20.6    25.6   15:52    17.2   00:00     00.0     02.3    01.6   06.4     29.6    16:18     SSE
28    20.2    27.4   13:32    15.3   05:34     00.0     01.9    08.0   06.6     31.4    14:36     SSE
29    15.3    20.8   11:26    12.1   05:54     03.0     00.0    00.0   03.1     24.1    00:18      W 
30    16.0    22.3   16:54    11.6   01:57     02.3     00.0    00.0   03.8     25.9    19:06      W 
31    14.0    18.7   18:18    10.8   01:48     04.3     00.0    04.6   01.5     14.8    10:32      S 
--------------------------------------------------------------------------------------------------------
19.8 (20.3)   31.8  day 06     10.8  day 31   011.5    059.5   175.0   04.7     37.0   day 26      SE
Max >=  30: 2
Min <=   30: 31
Max Rain: 63.6 ON 9-07-23
Days of Rain: 19 (> .2mm) 10 (> 2mm) 3 (> 20mm)