MONTHLY CLIMATOLOGICAL SUMMARY for AUG. 2020

NAME:    CITY:  STATE: 
ELEV:  LAT:  LONG: 

                            TEMPERATURE ( C), RAIN (mm), WIND SPEED (kmh)

                                               HEAT     COOL           AVG
      MEAN                                     DEG      DEG            WIND                       DOM
DAY   TEMP    HIGH   TIME     LOW    TIME      DAYS     DAYS    RAIN   SPEED    HIGH    TIME      DIR
--------------------------------------------------------------------------------------------------------
01    17.6    27.1   17:36    10.6   05:54     00.7     00.0    00.0   02.8     18.5    11:14      N 
02    20.5    28.7   14:29    11.2   05:25     00.0     02.2    00.8   06.6     40.7    22:03      S 
03    20.5    25.8   13:36    17.0   00:00     00.0     02.2    02.2   09.3     48.1    12:08      S 
04    19.2    23.7   14:07    14.2   06:09     00.0     00.9    01.2   03.3     18.5    20:32     SSE
05    19.8    24.8   14:37    16.4   00:00     00.0     01.5    15.4   14.0     50.0    08:49      S 
06    16.3    20.3   18:13    12.9   04:32     02.0     00.0    00.0   08.0     37.0    17:07     SSW
07    19.1    26.6   16:29    12.4   02:57     00.0     00.8    00.0   04.2     20.4    14:08     SSW
08    20.9    28.1   14:11    15.0   01:34     00.0     02.6    00.0   03.8     24.1    12:41     SSW
09    21.7    28.1   16:00    16.3   02:35     00.0     03.4    00.0   06.4     29.6    18:01     SSW
10    21.9    28.6   14:23    16.3   03:51     00.0     03.6    00.0   04.2     20.4    16:51     SSW
11    22.9    30.4   16:48    18.1   23:04     00.0     04.6    06.4   08.5     55.5    20:28      S 
12    21.8    27.3   15:10    16.8   20:58     00.0     03.5    00.2   04.3     25.9    13:55      SW
13    19.3    24.9   15:23    12.8   00:00     00.0     01.0    00.0   04.3     27.8    15:41      NW
14    16.3    24.7   14:31    09.3   06:11     02.0     00.0    03.2   05.3     35.1    16:41      N 
15    15.8    23.6   16:54    08.9   00:00     02.5     00.0    00.0   02.9     22.2    11:11      E 
16    16.6    25.7   16:31    07.3   05:32     01.7     00.0    00.0   04.5     20.4    13:55      SE
17    18.4    25.8   15:00    10.4   06:06     00.0     00.1    00.0   05.2     27.8    13:36      S 
18    14.5    17.6   09:35    11.4   05:17     03.8     00.0    22.8   02.3     22.2    10:02     SSW
19    13.9    18.2   16:40    11.3   22:44     04.4     00.0    05.0   04.7     38.9    17:55     SSW
20    13.7    19.6   16:44    09.5   04:50     04.6     00.0    00.0   04.8     27.8    11:43     WSW
21    13.7    19.8   14:54    08.0   00:00     04.6     00.0    02.8   03.8     20.4    02:43     WSW
22    13.8    22.7   15:41    05.5   06:26     04.5     00.0    00.0   02.4     18.5    14:33      W 
23    15.6    22.9   13:32    08.6   00:07     02.7     00.0    00.0   04.8     29.6    14:40      SW
24    17.1    24.2   14:35    09.3   05:29     01.2     00.0    00.0   03.6     20.4    18:39      S 
25    17.1    22.5   12:16    11.8   00:00     01.2     00.0    08.8   06.8     33.3    16:05     SSW
26    10.1    13.1   12:24    07.9   06:27     08.2     00.0    00.0   09.6     51.8    15:38      NW
27    11.1    16.0   16:45    07.2   05:28     07.2     00.0    00.0   07.9     44.4    13:28     WNW
28    11.4    17.8   15:44    05.8   06:00     06.9     00.0    00.0   05.1     40.7    13:07      NW
29    09.6    15.4   11:30    04.2   03:40     08.7     00.0    12.2   04.5     24.1    21:01     ESE
30    09.1    11.7   10:30    07.1   00:00     09.2     00.0    17.0   06.8     44.4    15:59     NNW
31    08.4    16.0   12:59    04.5   23:37     09.9     00.0    00.0   03.2     27.8    12:21      NW
--------------------------------------------------------------------------------------------------------
16.4 (16.8)   30.4  day 11     04.2  day 29   085.8    026.5   000.0   05.4     55.5   day 11     SSW
Max >=  30: 1
Min <=   30: 31
Max Rain: 22.8 ON 18-08-20
Days of Rain: 13 (> .2mm) 10 (> 2mm) 1 (> 20mm)