MONTHLY CLIMATOLOGICAL SUMMARY for AUG. 2022

NAME:    CITY:  STATE: 
ELEV:  LAT:  LONG: 

                            TEMPERATURE ( C), RAIN (mm), WIND SPEED (kmh)

                                               HEAT     COOL           AVG
      MEAN                                     DEG      DEG            WIND                       DOM
DAY   TEMP    HIGH   TIME     LOW    TIME      DAYS     DAYS    RAIN   SPEED    HIGH    TIME      DIR
--------------------------------------------------------------------------------------------------------
01    20.9    26.6   13:52    15.0   00:00     00.0     02.6    00.0   07.8     33.3    14:49      S 
02    18.7    24.0   15:27    12.6   00:00     00.0     00.4    16.8   08.7     35.1    13:31      S 
03    17.1    23.6   16:02    08.8   06:08     01.2     00.0    00.2   04.9     29.6    16:00      S 
04    21.5    26.9   15:05    18.2   10:00     00.0     03.2    00.6   10.0     42.5    13:22      S 
05    18.2    22.3   17:44    10.1   00:00     00.1     00.0    00.0   04.4     25.9    06:03     NNW
06    18.7    27.6   16:45    07.9   06:22     00.0     00.4    00.0   06.9     37.0    14:15      S 
07    21.0    25.7   10:25    12.1   00:00     00.0     02.7    00.2   06.7     31.4    08:23     SSW
08    14.6    19.4   13:23    11.1   06:17     03.7     00.0    10.0   03.1     18.5    13:33      N 
09    13.2    16.6   17:55    08.7   00:00     05.1     00.0    04.2   04.5     22.2    02:27      NE
10    14.4    19.2   16:28    07.0   03:18     03.9     00.0    00.2   04.6     24.1    11:33     SSE
11    17.0    21.4   13:07    12.4   23:54     01.3     00.0    00.6   05.4     27.8    13:58     SSW
12    14.3    18.2   13:34    11.1   22:06     04.0     00.0    01.0   02.6     18.5    14:35      NW
13    16.2    22.9   15:48    09.9   04:03     02.1     00.0    00.2   03.2     24.1    15:55     NNW
14    16.5    22.3   16:48    12.9   06:37     01.8     00.0    00.0   02.3     18.5    15:59     NNW
15    18.3    25.7   15:40    12.1   00:00     00.0     00.0    00.0   02.3     18.5    16:07      SW
16    17.4    25.9   16:01    09.4   06:11     00.9     00.0    00.0   03.4     24.1    14:49      N 
17    16.2    22.7   13:37    10.5   04:31     02.1     00.0    01.2   04.9     31.4    22:14     NNE
18    16.1    18.9   12:53    13.8   03:05     02.2     00.0    20.2   06.0     25.9    05:42     NNE
19    17.8    24.3   16:42    13.4   03:36     00.5     00.0    00.2   03.1     22.2    15:16      W 
20    20.7    29.1   15:56    14.2   05:22     00.0     02.4    00.0   02.5     18.5    13:04      SW
21    20.8    29.3   14:37    12.2   05:53     00.0     02.5    00.0   05.4     31.4    19:05     SSE
22    19.4    22.8   14:28    16.5   02:31     00.0     01.1    00.2   07.3     27.8    12:28      S 
23    17.9    21.9   12:46    14.1   00:00     00.4     00.0    00.0   03.9     22.2    14:14      SE
24    16.7    21.7   17:22    12.1   03:46     01.6     00.0    01.4   01.4     12.9    17:28     SSE
25    15.7    20.2   15:42    10.5   00:00     02.6     00.0    00.2   03.1     24.1    10:13      NW
26    12.5    16.7   12:47    09.9   00:49     05.8     00.0    04.6   01.8     14.8    23:38      N 
27    11.8    19.2   15:57    06.1   06:32     06.5     00.0    00.0   01.8     16.6    09:34     NNW
28    15.0    23.5   15:33    05.9   00:59     03.3     00.0    00.0   05.1     25.9    15:12     SSW
29    20.3    25.9   16:27    14.2   06:21     00.0     02.0    00.0   07.7     29.6    23:28      S 
30    23.0    27.9   15:10    20.3   09:24     00.0     04.7    03.2   10.2     33.3    12:45      S 
31    18.2    21.4   00:14    12.4   23:37     00.1     00.0    07.4   09.5     40.7    03:56      S 
--------------------------------------------------------------------------------------------------------
17.4 (17.4)   29.3  day 21     05.9  day 28   049.3    022.1   072.2   05.0     42.6   day 06      S 
Min <=   30: 31
Max Rain: 20.2 ON 18-08-22
Days of Rain: 19 (> .2mm) 7 (> 2mm) 1 (> 20mm)