MONTHLY CLIMATOLOGICAL SUMMARY for AUG. 2023

NAME:    CITY:  STATE: 
ELEV:  LAT:  LONG: 

                            TEMPERATURE ( C), RAIN (mm), WIND SPEED (kmh)

                                               HEAT     COOL           AVG
      MEAN                                     DEG      DEG            WIND                       DOM
DAY   TEMP    HIGH   TIME     LOW    TIME      DAYS     DAYS    RAIN   SPEED    HIGH    TIME      DIR
--------------------------------------------------------------------------------------------------------
01    13.8    19.8   15:36    08.5   05:40     04.5     00.0    00.2   02.5     22.2    09:22     WSW
02    15.7    22.9   16:07    08.9   02:08     02.6     00.0    00.0   02.8     24.1    13:05      SW
03    15.6    20.4   11:51    09.8   03:46     02.7     00.0    08.0   08.7     33.3    11:43     ESE
04    16.7    18.3   13:33    15.0   01:22     01.6     00.0    14.6   10.9     46.3    14:11     ESE
05    17.1    22.3   12:18    14.8   05:46     01.2     00.0    03.2   02.3     20.4    00:11      SE
06    17.2    22.3   17:02    13.1   05:08     01.1     00.0    00.0   02.4     24.1    15:12     WSW
07    17.1    22.0   16:53    12.8   05:40     01.2     00.0    00.0   03.4     24.1    23:55      NE
08    15.0    17.7   00:08    13.3   08:55     03.3     00.0    33.4   12.3     44.4    11:57      E 
09    16.6    18.1   14:11    15.3   00:00     01.7     00.0    11.4   04.5     27.8    13:45      NW
10    18.4    24.1   17:01    14.8   06:39     00.0     00.1    08.6   03.5     20.4    11:44      NW
11    15.8    17.6   10:50    12.4   00:00     02.5     00.0    38.6   04.6     29.6    00:44      E 
12    15.9    21.4   17:00    11.3   05:30     02.4     00.0    00.0   02.5     18.5    01:16      S 
13    16.8    18.7   14:04    15.2   00:36     01.5     00.0    09.6   04.8     20.4    09:06      E 
14    17.8    22.2   13:13    12.7   00:00     00.5     00.0    14.2   01.9     18.5    14:55      W 
15    17.3    25.3   17:41    10.7   05:38     01.0     00.0    00.0   01.2     14.8    11:54     ENE
16    18.3    24.9   14:04    12.0   04:56     00.0     00.0    00.0   05.8     29.6    18:13      E 
17    19.7    23.6   16:41    17.7   06:27     00.0     01.4    00.0   09.3     38.9    16:49     ESE
18    18.8    20.5   16:15    17.1   00:00     00.0     00.5    29.2   07.6     29.6    22:23      E 
19    18.1    22.9   14:24    15.0   23:45     00.2     00.0    00.4   05.9     29.6    12:40      SE
20    18.6    25.5   15:23    12.9   06:34     00.0     00.3    00.0   04.8     25.9    15:05     SSE
21    17.1    19.9   01:40    12.5   22:16     01.2     00.0    00.8   05.5     38.9    11:01      W 
22    13.7    18.3   16:49    09.3   00:00     04.6     00.0    00.0   04.4     35.1    11:17     WNW
23    15.2    22.2   15:28    08.8   04:33     03.1     00.0    00.0   03.7     29.6    14:03      SW
24    16.3    24.6   14:48    08.7   06:27     02.0     00.0    00.0   01.7     16.6    14:56      SE
25    14.7    17.8   10:25    13.5   19:37     03.6     00.0    05.8   08.4     48.1    11:39     ESE
26    16.0    19.3   17:53    13.5   23:07     02.3     00.0    04.6   01.9     20.4    23:22     WNW
27    14.3    20.3   15:30    08.8   23:16     04.0     00.0    00.2   04.2     27.8    13:44     WNW
28    15.9    24.2   14:59    09.9   06:18     02.4     00.0    00.0   03.5     33.3    16:10      SE
29    18.0    24.9   15:44    10.9   00:09     00.3     00.0    14.8   07.1     31.4    19:03     ESE
30    16.2    18.7   13:16    11.8   00:00     02.1     00.0    19.8   04.6     29.6    16:17      NW
31    12.1    17.6   15:10    07.4   06:54     06.2     00.0    00.0   05.2     35.1    11:59     WNW
--------------------------------------------------------------------------------------------------------
16.4 (16.7)   25.5  day 20     07.4  day 31   059.8    002.3   217.4   04.9     48.1   day 25     ESE
Min <=   30: 31
Max Rain: 38.6 ON 11-08-23
Days of Rain: 18 (> .2mm) 14 (> 2mm) 3 (> 20mm)