MONTHLY CLIMATOLOGICAL SUMMARY for SEP. 2023

NAME:    CITY:  STATE: 
ELEV:  LAT:  LONG: 

                            TEMPERATURE ( C), RAIN (mm), WIND SPEED (kmh)

                                               HEAT     COOL           AVG
      MEAN                                     DEG      DEG            WIND                       DOM
DAY   TEMP    HIGH   TIME     LOW    TIME      DAYS     DAYS    RAIN   SPEED    HIGH    TIME      DIR
--------------------------------------------------------------------------------------------------------
01    14.4    21.6   15:31    07.9   05:54     03.9     00.0    00.0   02.9     20.4    11:14      SW
02    18.3    24.2   15:21    12.9   05:17     00.0     00.0    00.0   11.4     40.7    16:14      SE
03    20.7    25.8   15:44    16.7   05:52     00.0     02.4    00.0   07.5     27.8    12:57      N 
04    22.6    30.7   16:13    17.0   03:58     00.0     04.3    00.0   02.2     16.6    14:02     SSE
05    22.0    28.8   14:56    16.5   06:09     00.0     03.7    00.0   01.8     22.2    14:15     WNW
06    20.9    29.1   14:37    14.4   06:27     00.0     02.6    00.0   01.1     12.9    13:35     ESE
07    21.5    30.4   14:07    16.2   02:01     00.0     03.2    09.8   03.4     22.2    15:05      E 
08    21.8    26.1   15:40    19.7   21:57     00.0     03.5    01.6   07.2     33.3    13:04     ESE
09    18.3    21.6   10:23    14.4   00:00     00.0     00.0    00.8   05.2     33.3    10:01     WNW
10    14.5    17.7   14:34    10.4   04:45     03.8     00.0    00.6   00.8     12.9    14:34     SSE
11    16.2    21.7   16:06    13.1   21:39     02.1     00.0    00.0   03.0     20.4    14:08     NNW
12    16.1    17.7   13:23    15.2   07:06     02.2     00.0    03.8   05.9     27.8    20:52     ENE
13    17.5    20.3   13:01    15.6   06:26     00.8     00.0    03.2   05.5     20.4    15:54      E 
14    16.7    20.8   14:40    12.1   00:00     01.6     00.0    01.0   06.0     29.6    16:37      SE
15    14.2    20.0   15:19    09.3   06:22     04.1     00.0    00.0   03.4     25.9    13:35     WNW
16    13.1    16.7   11:50    10.5   01:57     05.2     00.0    10.0   11.3     50.0    22:02      NW
17    16.7    23.1   15:10    13.0   06:50     01.6     00.0    00.8   05.3     38.9    01:07      W 
18    16.7    22.8   13:07    11.6   06:09     01.6     00.0    00.4   02.7     20.4    13:07     ESE
19    12.9    15.3   00:02    11.0   23:12     05.4     00.0    62.4   08.9     31.4    17:49      NW
20    13.8    18.6   15:39    11.1   00:40     04.5     00.0    01.8   03.7     31.4    11:19      W 
21    11.0    16.6   15:15    06.6   22:07     07.3     00.0    00.2   03.6     29.6    11:24     WNW
22    13.9    22.2   15:40    06.4   06:03     04.4     00.0    00.0   04.9     25.9    14:03     NNW
23    12.4    16.7   13:46    05.9   22:10     05.9     00.0    00.2   02.4     18.5    15:02      W 
24    12.1    20.1   13:28    05.3   04:20     06.2     00.0    00.0   02.1     22.2    13:12      W 
25    10.0    17.0   13:44    02.6   00:00     08.3     00.0    00.0   05.1     27.8    11:44     NNW
26    08.7    17.5   14:51    00.7   06:45     09.6     00.0    00.0   02.2     20.4    16:00     WNW
27    11.5    21.8   15:03    04.8   06:37     06.8     00.0    00.0   01.7     16.6    14:12     WNW
28    11.4    20.8   15:11    05.2   07:03     06.9     00.0    00.0   02.3     16.6    15:39      NW
29    11.8    22.6   14:35    03.6   06:55     06.5     00.0    00.0   01.6     16.6    12:05     WNW
30    12.3    22.0   15:07    05.1   06:16     06.0     00.0    00.0   01.0     11.1    13:50      S 
--------------------------------------------------------------------------------------------------------
15.5 (16.1)   30.7  day 04     00.7  day 26   105.0    019.8   096.4   04.2     50.0   day 16      NW
Max >=  30: 2
Min <=   30: 30
Max Rain: 62.4 ON 19-09-23
Days of Rain: 14 (> .2mm) 5 (> 2mm) 1 (> 20mm)